 v = -4. Let s(p) = -7*p - 1. What is the units digit of s(d)?
6
Suppose 0 = 2*f - 3*f + 4. Let o be (-2)/4 + 10/f. Suppose -2*w = -i + 2*w + 26, -3*w = o*i - 19. What is the tens digit of i?
1
Suppose 0 = 5*b - b + 8. What is the units digit of 26/6 + b/6?
4
Suppose 5*n + 6 = -4. Let w(r) = 7*r + 13. Let b be w(-3). What is the units digit of 0/2 + b/n?
4
Suppose 0 = -5*v + 201 + 169. Suppose -6*f + v = -136. What is the tens digit of f?
3
Suppose 2*d = m - 21 + 3, -m - d = -27. Suppose w = -2*j - w + m, -3*j + 34 = 4*w. What is the units digit of j?
4
Suppose l = -2*l - 4*k + 79, -3*l = -4*k - 95. What is the tens digit of l?
2
Suppose 4*v + 62 = 5*v. Suppose v = 4*s - 10. What is the tens digit of s?
1
Let n = 32 + 39. Let t = n + -49. What is the units digit of t?
2
Let u = -121 + 249. What is the units digit of u?
8
Suppose 3*c = -0*c - 6. What is the tens digit of (c + (3 - 2))*-21?
2
What is the units digit of 7/((-14)/(-20)) - 3?
7
Suppose -3*t = -2 + 11, -3*j - 5*t + 282 = 0. What is the tens digit of j?
9
What is the units digit of 276/14 - 10/(-35)?
0
Let h(z) = z**3 + 8*z**2 + 6*z - 6. Let r be h(-7). Let q = 1 - r. Suppose 2*d + m - 4 = -q*d, 4*m = 4*d - 8. What is the units digit of d?
2
Suppose 7*n = 2*n. Let g = -2 - n. Let y = g + 5. What is the units digit of y?
3
Let z be (-2 + 3)/(7/21). What is the units digit of z/(-2) - 100/(-8)?
1
Let w(m) = 2*m + 1 + m**3 - 2*m**3 + 0. What is the units digit of w(-2)?
5
Suppose n = 2*l + 3, -l - 3*n = -0*n - 2. Let g be (1/(-3))/(l/9). Let t = 17 - g. What is the units digit of t?
4
Suppose -2 - 2 = -m. Let o(z) = -z**2 - 6*z + 2. Let l be o(-5). Suppose -45 - l = -m*w. What is the units digit of w?
3
Let u(o) = -5*o + 2. Let c be u(-3). Let p = c + -2. What is the tens digit of p?
1
Let a = -129 + 186. What is the units digit of a?
7
Suppose 0 = 4*w - 2*w. Suppose w = 4*o - 2*o + 8. Let x = -2 - o. What is the units digit of x?
2
Suppose m + 4 = -4*v + 13, -3*v = 5*m + 23. What is the units digit of (-1 + 3)*m/(-2)?
7
Suppose 0 = -5*s + 4*s + 3. Suppose 3*i - 9 = s*f, -20 = -5*i + 4*f - 0*f. What is the units digit of i?
8
Let q = -8 - -12. Suppose 9*g - 4*g - 95 = 5*f, q*g + 3*f - 55 = 0. What is the units digit of g?
6
Suppose -2*a = -42 - 88. What is the tens digit of a?
6
Let w = 30 + 12. What is the units digit of w?
2
Let m(v) = 4*v**3 + 4*v - 3. Let p be 9/(-12) + (-44)/(-16). What is the units digit of m(p)?
7
Suppose -4*k - 2 = -2*k. Let h = 2 - k. Suppose 5*z - 4*z - 13 = -3*g, 0 = -5*z - h*g + 41. What is the units digit of z?
7
Let q(z) = z - 10. Let i be q(8). Let b = 19 + i. What is the tens digit of b?
1
Let s(h) = h + 4. Let o(m) = m + 4. Let j be o(0). Suppose -5*b + j = -16. What is the units digit of s(b)?
8
Let p(m) = m - 6. Suppose -4*c - c + 25 = 0. Let w be p(c). What is the units digit of 0/w - (-3 - -1)?
2
Suppose 3*d + 2*d = 3*u + 186, -2*u = 3*d - 123. What is the units digit of d?
9
What is the units digit of (21 + -25)/(4/(-74))?
4
Let l(t) = -t**3 - 18*t**2 - 3*t + 7. What is the tens digit of l(-18)?
6
Suppose -10*f = -5*f - 1200. What is the hundreds digit of f?
2
Suppose -4*d = 2*f - 3*f - 20, -3*d = -15. Let v = 3 + 2. Suppose z + 13 = -b - 3*b, f = v*z - 5*b - 60. What is the units digit of z?
7
Suppose -94 = -2*p + 86. What is the tens digit of p?
9
Let z(u) = 2*u - 4. Let i(o) = -7*o + 15. Let r(m) = 6*i(m) + 22*z(m). What is the tens digit of r(9)?
2
Suppose -125 = 4*h - 349. What is the units digit of h?
6
Let i(t) be the second derivative of -t**5/20 - t**4/3 - t**3/3 + 3*t**2/2 - 2*t. Let k be i(-3). Suppose 2*j + j - 18 = k. What is the units digit of j?
6
Let t = 28 - 4. What is the tens digit of 8/t - 82/(-6)?
1
Suppose -5*q - 147 + 597 = 0. What is the units digit of q?
0
Let o(j) = j**3 + 5*j**2 - 5*j. Let c be o(-6). Let x(f) = f + 2. Let g be x(c). Let a = g + 10. What is the units digit of a?
6
Suppose -3*w = 3*c - 66, 3*w = 5*c + 8 - 94. Let y = c + -13. What is the units digit of y?
6
Let q(k) = 34*k - 8. What is the units digit of q(2)?
0
Suppose -2*n - b + 2 = -2, -8 = n + 3*b. Suppose -2*z + 17 = -n*l - 39, 31 = 2*z + l. What is the units digit of z?
8
Let h = -11 - -15. Suppose -h*d - 80 = -236. What is the units digit of d?
9
Let i(b) = 2*b - 5. What is the units digit of i(7)?
9
Let p be (-16)/(-10) - (-2)/5. Suppose 4*v - 2 = 2*v, v - 19 = -3*h. Let g = p + h. What is the units digit of g?
8
Suppose 4*l = -3*r - 7, -5*l + 2*r + 35 = -3*r. Let q(m) = -m**3 + 4*m**2 + 2 - m - 2*m - m. What is the units digit of q(l)?
2
Let g be 5 + 0 + -3 + 1. Let f(w) = 3*w + 2. Let l be f(g). Suppose 2*c - 1 = -3*k, 2*c - l = -k + 4*c. What is the units digit of k?
3
Let p(q) = -q**2 + q**2 + 0*q + 4*q**2 - 2*q. What is the units digit of p(2)?
2
Suppose -5*o - 5*k = -k + 125, 0 = -o + k - 16. What is the units digit of o/(0 - 3) + -2?
5
Let u be 2/((-1 - -1) + 1). Suppose -2*j + u = -2. Suppose j*n + 5*z = 27, 0 = -2*n - 2*n + z + 43. What is the tens digit of n?
1
Let w(l) = 12*l**2 + 2*l - 2. What is the tens digit of w(2)?
5
Let w(v) = v**3 + 9*v**2 + 6*v - 2. Let j be (2/5)/(2/(-40)). Let y be w(j). Suppose 2*d - y = 2*f, -2*f + 23 + 29 = 4*d. What is the tens digit of d?
1
Let z(x) = x**2 + 24. What is the tens digit of z(10)?
2
Let v(c) = -13*c + 13. What is the units digit of v(-3)?
2
Suppose y - 121 = -5*r, -r - 2*y + 17 = -0*r. Let v = r - 10. What is the units digit of v?
5
Suppose v + 0*h = h + 4, -v = -3*h - 8. Suppose -j + 6 = v*j. What is the units digit of j?
2
Let k be 2/(-2)*-2 - 2. Let a(s) = -s + 17. What is the tens digit of a(k)?
1
Suppose 0 = -3*n + 26 - 2. Let m = n - -18. What is the units digit of m?
6
Suppose 2*v + j = 59, -3*j = -3*v + 2*v + 33. What is the tens digit of v?
3
Let s(j) = -9 + 9*j**2 - 5 - 10*j**2 + 15*j - 2*j. Let o be s(12). Let h = o - -9. What is the units digit of h?
7
Suppose -4*y + n = -80, 0*n = -3*y - n + 53. Let m = 27 - y. Suppose -m = -4*j - b + 4, -32 = -4*j + 4*b. What is the units digit of j?
4
Let d = -48 - -57. What is the units digit of d?
9
Let n be 61/(-7) - (-4)/(-14). Let g = n + 18. Suppose 6*k = 3*k + g. What is the units digit of k?
3
Suppose 0*c = -2*c + 12. Suppose -2*v - 60 = -c*v. What is the tens digit of v?
1
Let g(o) = -o**3 - 3*o**2 + 4*o + 3. Let v be g(-4). Suppose -m + 3*i = -3*m + 51, m - 12 = v*i. What is the tens digit of m?
2
Suppose 0 = -2*v + 4, -3*v + 71 = 2*k - 95. What is the units digit of k?
0
Suppose u = 2*u - 13. Suppose 0 = -2*t - 3 + 61. Suppose -4*w = -w - 2*p - t, 3*w + 2*p = u. What is the units digit of w?
7
Suppose -5*a = -2*p, -2*a - 21 = -5*p - 0*p. Let n = a + 2. What is the units digit of 3/(-6)*n - -13?
1
Let z(p) = -p**3 - p**2 + 3. What is the units digit of z(-3)?
1
Suppose -5*c + 117 = -2*a, 3*a + 1 = -2. What is the units digit of c?
3
Let v(i) = -i**3 - 8*i**2 + 8*i - 3. Let a be v(-9). Suppose 0 = 3*y - y - a. Let s = y + -1. What is the units digit of s?
2
Let c = 41 - 26. What is the units digit of c?
5
Let a(z) = -z**2 - 12*z - 15. Let k be a(-10). Let y = k - 8. Let v = y - -11. What is the units digit of v?
8
Let k = 160 - 131. What is the tens digit of k?
2
Suppose 0 = -0*d + 2*d. Suppose d*t + 3*t = -3*m + 30, -t + 50 = 5*m. What is the tens digit of m?
1
Let l(d) = d**2 + 3*d - 7. Let s be l(-5). Suppose -166 = -5*t - s*u + 5*u, -3*t + 105 = -3*u. What is the units digit of t?
2
Let p = -32 + 65. What is the tens digit of p?
3
Let z be (4/(-2))/((-8)/20). Suppose -z*v + 10 = -0*v. Suppose -v*t - 5*k + 2 = 0, t + 2*k + 9 = -3*k. What is the tens digit of t?
1
Suppose p = -p - 2*j + 166, 2*p - 4*j = 172. What is the tens digit of p?
8
Let q(o) be the third derivative of 0*o - 1/12*o**4 + 0*o**3 + 0 + o**2 + 1/60*o**5. What is the units digit of q(3)?
3
Let u(m) be the third derivative of m**6/120 - m**5/15 + m**4/24 + m**2. What is the units digit of u(4)?
4
Suppose 0 = -2*b - 2*b + 20. What is the tens digit of 5*((-2)/b + 4)?
1
Let q = -2 - -9. Let b = q - 4. Suppose -v + 9 = n, 2*v = -b*n - 2*v + 27. What is the units digit of n?
9
Let b be (0 + -1)*(-1 + 2). Let z = b - -1. Let s = z + 3. What is the units digit of s?
3
Suppose -q + 241 = -200. What is the hundreds digit of q?
4
Suppose 3*n - 5*g = -2*g + 12, 10 = 2*n -